it of 4795442673?
4
What is the hundred thousands digit of 1269730499?
7
What is the units digit of 241238573?
3
What is the tens digit of 156763592?
9
What is the hundred millions digit of 440834891?
4
What is the hundreds digit of 446952429?
4
What is the billions digit of 1589740605?
1
What is the units digit of 266072753?
3
What is the millions digit of 2589810505?
9
What is the hundreds digit of 19102083?
0
What is the tens digit of 1389533765?
6
What is the units digit of 35961219?
9
What is the hundred thousands digit of 530088?
5
What is the hundred thousands digit of 58604825?
6
What is the hundred thousands digit of 19377505?
3
What is the tens digit of 38574787?
8
What is the millions digit of 63686637?
3
What is the hundreds digit of 5904491909?
9
What is the units digit of 11664252?
2
What is the thousands digit of 25865117?
5
What is the tens digit of 172992068?
6
What is the thousands digit of 662985331?
5
What is the hundred thousands digit of 82511140?
5
What is the ten millions digit of 210540643?
1
What is the hundred thousands digit of 1254768730?
7
What is the units digit of 885241175?
5
What is the units digit of 16757736?
6
What is the ten millions digit of 79516673?
7
What is the ten millions digit of 926416720?
2
What is the hundred thousands digit of 367406988?
4
What is the units digit of 475199284?
4
What is the ten thousands digit of 53745156?
4
What is the ten thousands digit of 90540445?
4
What is the units digit of 138796352?
2
What is the units digit of 46941692?
2
What is the thousands digit of 398330505?
0
What is the ten thousands digit of 13298621?
9
What is the tens digit of 446946714?
1
What is the thousands digit of 635907797?
7
What is the units digit of 1317598776?
6
What is the hundred millions digit of 1422667691?
4
What is the thousands digit of 4056893952?
3
What is the billions digit of 3650881099?
3
What is the millions digit of 2904927209?
4
What is the units digit of 49466674?
4
What is the hundred thousands digit of 653016651?
0
What is the millions digit of 812981807?
2
What is the units digit of 142642179?
9
What is the tens digit of 136467625?
2
What is the thousands digit of 569552606?
2
What is the thousands digit of 638529880?
9
What is the millions digit of 5020961460?
0
What is the ten millions digit of 452030573?
5
What is the thousands digit of 408295161?
5
What is the millions digit of 220028668?
0
What is the hundred thousands digit of 45754363?
7
What is the billions digit of 5081591655?
5
What is the thousands digit of 31050628?
0
What is the tens digit of 1467203588?
8
What is the millions digit of 727767438?
7
What is the units digit of 159616717?
7
What is the hundred thousands digit of 50084917?
0
What is the ten thousands digit of 2104590226?
9
What is the ten millions digit of 248143187?
4
What is the millions digit of 362843559?
2
What is the hundred millions digit of 490485534?
4
What is the ten thousands digit of 6156794?
5
What is the hundreds digit of 5426692022?
0
What is the hundred thousands digit of 83988016?
9
What is the millions digit of 83901162?
3
What is the hundreds digit of 23951689?
6
What is the hundred thousands digit of 84385488?
3
What is the ten millions digit of 1126972220?
2
What is the ten millions digit of 1918085598?
1
What is the hundreds digit of 18638302?
3
What is the ten thousands digit of 1111312474?
1
What is the hundreds digit of 1754201445?
4
What is the ten thousands digit of 125090460?
9
What is the tens digit of 793164169?
6
What is the hundreds digit of 1359382470?
4
What is the hundreds digit of 243377634?
6
What is the hundreds digit of 274432170?
1
What is the units digit of 385386861?
1
What is the units digit of 149343726?
6
What is the millions digit of 69533160?
9
What is the millions digit of 53451728?
3
What is the thousands digit of 37672365?
2
What is the thousands digit of 679719370?
9
What is the millions digit of 99342400?
9
What is the tens digit of 888918403?
0
What is the millions digit of 1674656004?
4
What is the hundreds digit of 2556186675?
6
What is the tens digit of 620913443?
4
What is the hundreds digit of 36947330?
3
What is the tens digit of 395982014?
1
What is the units digit of 531992156?
6
What is the thousands digit of 340227161?
7
What is the ten millions digit of 43063257?
4
What is the thousands digit of 282102021?
2
What is the thousands digit of 655995858?
5
What is the units digit of 225228824?
4
What is the tens digit of 456760163?
6
What is the hundreds digit of 91404175?
1
What is the ten millions digit of 6216557196?
1
What is the thousands digit of 107056201?
6
What is the tens digit of 2701264163?
6
What is the units digit of 1542824520?
0
What is the hundreds digit of 371060597?
5
What is the ten millions digit of 3038611670?
3
What is the ten millions digit of 768230598?
6
What is the hundreds digit of 184257733?
7
What is the hundred millions digit of 4977791914?
9
What is the hundreds digit of 90067968?
9
What is the ten millions digit of 431494831?
3
What is the ten thousands digit of 17331742?
3
What is the millions digit of 187582737?
7
What is the tens digit of 490677293?
9
What is the units digit of 8698462503?
3
What is the units digit of 375303553?
3
What is the ten thousands digit of 1124131569?
3
What is the ten thousands digit of 66692789?
9
What is the thousands digit of 140055734?
5
What is the thousands digit of 1973941980?
1
What is the hundred thousands digit of 73148590?
1
What is the units digit of 556109486?
6
What is the thousands digit of 1389578484?
8
What is the hundred thousands digit of 7259924?
2
What is the tens digit of 773440197?
9
What is the tens digit of 339294647?
4
What is the hundred millions digit of 464896274?
4
What is the millions digit of 328011605?
8
What is the thousands digit of 44708862?
8
What is the millions digit of 9462280?
9
What is the units digit of 246386515?
5
What is the units digit of 341236205?
5
What is the ten thousands digit of 745947191?
4
What is the thousands digit of 53485421?
5
What is the ten thousands digit of 2046789333?
8
What is the units digit of 13201523?
3
What is the hundred millions digit of 715747940?
7
What is the units digit of 6266025?
5
What is the hundred thousands digit of 534440707?
4
What is the units digit of 129362627?
7
What is the ten millions digit of 49013416?
4
What is the billions digit of 1366268150?
1
What is the hundreds digit of 33885513?
5
What is the units digit of 2289558?
8
What is the units digit of 64293860?
0
What is the millions digit of 7949089274?
9
What is the tens digit of 26795724?
2
What is the hundreds digit of 91330393?
3
What is the hundreds digit of 218450805?
8
What is the billions digit of 1899752052?
1
What is the ten millions digit of 130143447?
3
What is the thousands digit of 67403307?
3
What is the millions digit of 15474698?
5
What is the thousands digit of 3291566513?
6
What is the units digit of 301336893?
3
What is the units digit of 1017677292?
2
What is the hundreds digit of 120001639?
6
What is the hundreds digit of 427309463?
4
What is the tens digit of 218584505?
0
What is the ten thousands digit of 30370660?
7
What is the units digit of 517428169?
9
What is the billions digit of 5335033125?
5
What is the units digit of 14181348?
8
What is the hundred thousands digit of 172559353?
5
What is the hundred thousands digit of 651149059?
1
What is the hundreds digit of 1603065271?
2
What is the ten thousands digit of 5216941004?
4
What is the ten thousands digit of 5169575?
6
What is the hundred thousands digit of 55415757?
4
What is the tens digit of 1783502509?
0
What is the billions digit of 3682954945?
3
What is the hundreds digit of 1527672584?
5
What is the thousands digit of 318254972?
4
What is the tens digit of 276213824?
2
What is the units digit of 31302127?
7
What is the tens digit of 88480771?
7
What is the thousands digit of 28293702?
3
What is the tens digit of 1414064454?
5
What is the thousands digit of 40237591?
7
What is the millions digit of 44776478?
4
What is the hundred millions digit of 848992920?
8
What is the hundreds digit of 910351472?
4
What is the thousands digit of 3300515407?
5
What is the tens digit of 33901514?
1
What is the mil